{"id":1531,"date":"2013-07-22T18:23:04","date_gmt":"2013-07-22T18:23:04","guid":{"rendered":"http:\/\/rnasociety.org\/conferences\/?page_id=1531"},"modified":"2014-05-02T01:42:28","modified_gmt":"2014-05-02T01:42:28","slug":"rna-2014","status":"publish","type":"page","link":"https:\/\/www.rnasociety.org\/conferences\/rna-2014\/","title":{"rendered":"RNA 2014"},"content":{"rendered":"<h1>Welcome!<\/h1>\n<p>The 19th Annual Meeting of the RNA Society will be held in Quebec City, Canada from June 3-8, 2014, at the Centre des Congr\u00e8s de Qu\u00e9bec.<\/p>\n<p><strong>Centre des Congr\u00e8s de Qu\u00e9bec<\/strong><br \/>\n1000 Boulevard Ren\u00e9-L\u00e9vesque Est<br \/>\nQu\u00e9bec, QC G1R 2B5<br \/>\nCanada<\/p>\n<p><strong>2014 Organizers<\/strong><br \/>\nBenoit Chabot, Universit\u00e9 de Sherbrooke<br \/>\nMartin Simard, Universit\u00e9 Laval, CHU de Qu\u00e9bec<br \/>\nElena Conti, Max Planck Institute of Biochemistry<br \/>\nF\u00e1tima Gebauer, Centre for Genomic Regulation<br \/>\nBarbara Golden, Purdue University<br \/>\nSean Ryder, UMass Medical School<\/p>\n<p><img decoding=\"async\" src=\"http:\/\/rnasociety.org\/conferences\/wp-content\/uploads\/2013\/07\/quebec-city1.jpg\" \/><\/p>","protected":false},"excerpt":{"rendered":"<p>Welcome! The 19th Annual Meeting of the RNA Society will be held in Quebec City, Canada from June 3-8, 2014, at the Centre des Congr\u00e8s de Qu\u00e9bec. Centre des Congr\u00e8s de Qu\u00e9bec 1000 Boulevard Ren\u00e9-L\u00e9vesque Est Qu\u00e9bec, QC G1R 2B5 &hellip; <a href=\"https:\/\/www.rnasociety.org\/conferences\/rna-2014\/\">read more<\/a><\/p>\n","protected":false},"author":1,"featured_media":0,"parent":0,"menu_order":0,"comment_status":"closed","ping_status":"open","template":"page_rna2014.php","meta":{"_acf_changed":false,"inline_featured_image":false,"footnotes":""},"class_list":["post-1531","page","type-page","status-publish","hentry"],"acf":[],"yoast_head":"<!-- This site is optimized with the Yoast SEO plugin v27.2 - https:\/\/yoast.com\/product\/yoast-seo-wordpress\/ -->\n<title>RNA 2014 - RNA Society<\/title>\n<meta name=\"robots\" content=\"index, follow, max-snippet:-1, max-image-preview:large, max-video-preview:-1\" \/>\n<link rel=\"canonical\" href=\"https:\/\/www.rnasociety.org\/conferences\/rna-2014\/\" \/>\n<meta property=\"og:locale\" content=\"en_US\" \/>\n<meta property=\"og:type\" content=\"article\" \/>\n<meta property=\"og:title\" content=\"RNA 2014 - RNA Society\" \/>\n<meta property=\"og:description\" content=\"Welcome! The 19th Annual Meeting of the RNA Society will be held in Quebec City, Canada from June 3-8, 2014, at the Centre des Congr\u00e8s de Qu\u00e9bec. Centre des Congr\u00e8s de Qu\u00e9bec 1000 Boulevard Ren\u00e9-L\u00e9vesque Est Qu\u00e9bec, QC G1R 2B5 &hellip; read more\" \/>\n<meta property=\"og:url\" content=\"https:\/\/www.rnasociety.org\/conferences\/rna-2014\/\" \/>\n<meta property=\"og:site_name\" content=\"RNA Society\" \/>\n<meta property=\"article:modified_time\" content=\"2014-05-02T01:42:28+00:00\" \/>\n<meta property=\"og:image\" content=\"http:\/\/rnasociety.org\/conferences\/wp-content\/uploads\/2013\/07\/quebec-city1.jpg\" \/>\n<meta name=\"twitter:card\" content=\"summary_large_image\" \/>\n<script type=\"application\/ld+json\" class=\"yoast-schema-graph\">{\"@context\":\"https:\/\/schema.org\",\"@graph\":[{\"@type\":\"WebPage\",\"@id\":\"https:\/\/www.rnasociety.org\/conferences\/rna-2014\/\",\"url\":\"https:\/\/www.rnasociety.org\/conferences\/rna-2014\/\",\"name\":\"RNA 2014 - RNA Society\",\"isPartOf\":{\"@id\":\"https:\/\/www.rnasociety.org\/conferences\/#website\"},\"primaryImageOfPage\":{\"@id\":\"https:\/\/www.rnasociety.org\/conferences\/rna-2014\/#primaryimage\"},\"image\":{\"@id\":\"https:\/\/www.rnasociety.org\/conferences\/rna-2014\/#primaryimage\"},\"thumbnailUrl\":\"http:\/\/rnasociety.org\/conferences\/wp-content\/uploads\/2013\/07\/quebec-city1.jpg\",\"datePublished\":\"2013-07-22T18:23:04+00:00\",\"dateModified\":\"2014-05-02T01:42:28+00:00\",\"breadcrumb\":{\"@id\":\"https:\/\/www.rnasociety.org\/conferences\/rna-2014\/#breadcrumb\"},\"inLanguage\":\"en-US\",\"potentialAction\":[{\"@type\":\"ReadAction\",\"target\":[\"https:\/\/www.rnasociety.org\/conferences\/rna-2014\/\"]}]},{\"@type\":\"ImageObject\",\"inLanguage\":\"en-US\",\"@id\":\"https:\/\/www.rnasociety.org\/conferences\/rna-2014\/#primaryimage\",\"url\":\"http:\/\/rnasociety.org\/conferences\/wp-content\/uploads\/2013\/07\/quebec-city1.jpg\",\"contentUrl\":\"http:\/\/rnasociety.org\/conferences\/wp-content\/uploads\/2013\/07\/quebec-city1.jpg\"},{\"@type\":\"BreadcrumbList\",\"@id\":\"https:\/\/www.rnasociety.org\/conferences\/rna-2014\/#breadcrumb\",\"itemListElement\":[{\"@type\":\"ListItem\",\"position\":1,\"name\":\"Home\",\"item\":\"https:\/\/www.rnasociety.org\/conferences\/\"},{\"@type\":\"ListItem\",\"position\":2,\"name\":\"RNA 2014\"}]},{\"@type\":\"WebSite\",\"@id\":\"https:\/\/www.rnasociety.org\/conferences\/#website\",\"url\":\"https:\/\/www.rnasociety.org\/conferences\/\",\"name\":\"The Annual Meeting of The RNA Society\",\"description\":\"\",\"publisher\":{\"@id\":\"https:\/\/www.rnasociety.org\/conferences\/#organization\"},\"potentialAction\":[{\"@type\":\"SearchAction\",\"target\":{\"@type\":\"EntryPoint\",\"urlTemplate\":\"https:\/\/www.rnasociety.org\/conferences\/?s={search_term_string}\"},\"query-input\":{\"@type\":\"PropertyValueSpecification\",\"valueRequired\":true,\"valueName\":\"search_term_string\"}}],\"inLanguage\":\"en-US\"},{\"@type\":\"Organization\",\"@id\":\"https:\/\/www.rnasociety.org\/conferences\/#organization\",\"name\":\"The RNA Society\",\"url\":\"https:\/\/www.rnasociety.org\/conferences\/\",\"logo\":{\"@type\":\"ImageObject\",\"inLanguage\":\"en-US\",\"@id\":\"https:\/\/www.rnasociety.org\/conferences\/#\/schema\/logo\/image\/\",\"url\":\"https:\/\/www.rnasociety.org\/conferences\/wp-content\/uploads\/2026\/03\/Logo-RNA-Society.svg\",\"contentUrl\":\"https:\/\/www.rnasociety.org\/conferences\/wp-content\/uploads\/2026\/03\/Logo-RNA-Society.svg\",\"width\":100,\"height\":100,\"caption\":\"The RNA Society\"},\"image\":{\"@id\":\"https:\/\/www.rnasociety.org\/conferences\/#\/schema\/logo\/image\/\"}}]}<\/script>\n<!-- \/ Yoast SEO plugin. -->","yoast_head_json":{"title":"RNA 2014 - RNA Society","robots":{"index":"index","follow":"follow","max-snippet":"max-snippet:-1","max-image-preview":"max-image-preview:large","max-video-preview":"max-video-preview:-1"},"canonical":"https:\/\/www.rnasociety.org\/conferences\/rna-2014\/","og_locale":"en_US","og_type":"article","og_title":"RNA 2014 - RNA Society","og_description":"Welcome! The 19th Annual Meeting of the RNA Society will be held in Quebec City, Canada from June 3-8, 2014, at the Centre des Congr\u00e8s de Qu\u00e9bec. Centre des Congr\u00e8s de Qu\u00e9bec 1000 Boulevard Ren\u00e9-L\u00e9vesque Est Qu\u00e9bec, QC G1R 2B5 &hellip; read more","og_url":"https:\/\/www.rnasociety.org\/conferences\/rna-2014\/","og_site_name":"RNA Society","article_modified_time":"2014-05-02T01:42:28+00:00","og_image":[{"url":"http:\/\/rnasociety.org\/conferences\/wp-content\/uploads\/2013\/07\/quebec-city1.jpg","type":"","width":"","height":""}],"twitter_card":"summary_large_image","schema":{"@context":"https:\/\/schema.org","@graph":[{"@type":"WebPage","@id":"https:\/\/www.rnasociety.org\/conferences\/rna-2014\/","url":"https:\/\/www.rnasociety.org\/conferences\/rna-2014\/","name":"RNA 2014 - RNA Society","isPartOf":{"@id":"https:\/\/www.rnasociety.org\/conferences\/#website"},"primaryImageOfPage":{"@id":"https:\/\/www.rnasociety.org\/conferences\/rna-2014\/#primaryimage"},"image":{"@id":"https:\/\/www.rnasociety.org\/conferences\/rna-2014\/#primaryimage"},"thumbnailUrl":"http:\/\/rnasociety.org\/conferences\/wp-content\/uploads\/2013\/07\/quebec-city1.jpg","datePublished":"2013-07-22T18:23:04+00:00","dateModified":"2014-05-02T01:42:28+00:00","breadcrumb":{"@id":"https:\/\/www.rnasociety.org\/conferences\/rna-2014\/#breadcrumb"},"inLanguage":"en-US","potentialAction":[{"@type":"ReadAction","target":["https:\/\/www.rnasociety.org\/conferences\/rna-2014\/"]}]},{"@type":"ImageObject","inLanguage":"en-US","@id":"https:\/\/www.rnasociety.org\/conferences\/rna-2014\/#primaryimage","url":"http:\/\/rnasociety.org\/conferences\/wp-content\/uploads\/2013\/07\/quebec-city1.jpg","contentUrl":"http:\/\/rnasociety.org\/conferences\/wp-content\/uploads\/2013\/07\/quebec-city1.jpg"},{"@type":"BreadcrumbList","@id":"https:\/\/www.rnasociety.org\/conferences\/rna-2014\/#breadcrumb","itemListElement":[{"@type":"ListItem","position":1,"name":"Home","item":"https:\/\/www.rnasociety.org\/conferences\/"},{"@type":"ListItem","position":2,"name":"RNA 2014"}]},{"@type":"WebSite","@id":"https:\/\/www.rnasociety.org\/conferences\/#website","url":"https:\/\/www.rnasociety.org\/conferences\/","name":"The Annual Meeting of The RNA Society","description":"","publisher":{"@id":"https:\/\/www.rnasociety.org\/conferences\/#organization"},"potentialAction":[{"@type":"SearchAction","target":{"@type":"EntryPoint","urlTemplate":"https:\/\/www.rnasociety.org\/conferences\/?s={search_term_string}"},"query-input":{"@type":"PropertyValueSpecification","valueRequired":true,"valueName":"search_term_string"}}],"inLanguage":"en-US"},{"@type":"Organization","@id":"https:\/\/www.rnasociety.org\/conferences\/#organization","name":"The RNA Society","url":"https:\/\/www.rnasociety.org\/conferences\/","logo":{"@type":"ImageObject","inLanguage":"en-US","@id":"https:\/\/www.rnasociety.org\/conferences\/#\/schema\/logo\/image\/","url":"https:\/\/www.rnasociety.org\/conferences\/wp-content\/uploads\/2026\/03\/Logo-RNA-Society.svg","contentUrl":"https:\/\/www.rnasociety.org\/conferences\/wp-content\/uploads\/2026\/03\/Logo-RNA-Society.svg","width":100,"height":100,"caption":"The RNA Society"},"image":{"@id":"https:\/\/www.rnasociety.org\/conferences\/#\/schema\/logo\/image\/"}}]}},"_links":{"self":[{"href":"https:\/\/www.rnasociety.org\/conferences\/wp-json\/wp\/v2\/pages\/1531","targetHints":{"allow":["GET"]}}],"collection":[{"href":"https:\/\/www.rnasociety.org\/conferences\/wp-json\/wp\/v2\/pages"}],"about":[{"href":"https:\/\/www.rnasociety.org\/conferences\/wp-json\/wp\/v2\/types\/page"}],"author":[{"embeddable":true,"href":"https:\/\/www.rnasociety.org\/conferences\/wp-json\/wp\/v2\/users\/1"}],"replies":[{"embeddable":true,"href":"https:\/\/www.rnasociety.org\/conferences\/wp-json\/wp\/v2\/comments?post=1531"}],"version-history":[{"count":0,"href":"https:\/\/www.rnasociety.org\/conferences\/wp-json\/wp\/v2\/pages\/1531\/revisions"}],"wp:attachment":[{"href":"https:\/\/www.rnasociety.org\/conferences\/wp-json\/wp\/v2\/media?parent=1531"}],"curies":[{"name":"wp","href":"https:\/\/api.w.org\/{rel}","templated":true}]}}